 4*u - 69 + 24 + 42. Suppose 2*o = g - 8, 6 + 14 = -5*o - 2*g. Calculate z(o).
-11
Let c(g) = 0*g - 11*g + 1 + 9*g. Calculate c(1).
-1
Suppose 3*t - 5*t = -6. Suppose -t*c + 8 = -c. Let r(j) = 2 + 0*j - j**3 - 3*j - 3*j**2 - c + 0*j**2. Give r(-2).
0
Suppose 5*l + 42 = 2*w + 7, w - 25 = 4*l. Let a(b) = -b - 13. Let i(t) = -1. Let z(v) = -a(v) + 3*i(v). What is z(l)?
5
Let w(f) be the second derivative of f**6/360 + f**5/15 + 7*f**4/24 - 11*f**3/6 + 25*f. Let q(v) be the second derivative of w(v). Calculate q(-6).
-5
Let u(o) = -o**2 - 6*o - 7. Let q(a) = a**2 + 5*a + 8. Let k(g) = 3*q(g) + 4*u(g). Suppose 42 = 36*j - 42*j. What is k(j)?
10
Let f(m) = 33*m. Let b(n) = n. Let t(h) = 88*b(h) - 3*f(h). Give t(1).
-11
Let h(n) = -13*n**2 - 4*n + 21. Let k(t) = 7*t**2 + 2*t - 11. Let i(a) = -6*h(a) - 11*k(a). Let g(v) = v**2 + 9*v - 74. Let x be g(-14). Give i(x).
3
Let r(c) be the second derivative of -c**3/6 - 3*c**2/2 - 50*c - 1. Calculate r(0).
-3
Let q(i) = -433*i + 232*i - 5 + 202*i. What is q(-7)?
-12
Let n(l) = l**3 - 6*l**2 - l - 4. Suppose 84 = -5*f + f. Let u be 15*(-1 - f/15). What is n(u)?
-10
Suppose p = -4*w - 52, 0*w = -3*p + 2*w - 142. Let h = p + 49. Let x(l) = 2*l**3 - l**2 + 2*l - 1. Give x(h).
2
Let c(j) = 5*j + 5. Let t(o) = o + 1. Suppose -4*k + 28 = 16. Let g be 3/(-2)*(-4)/k. Let l(d) = g*c(d) - 11*t(d). Determine l(-2).
1
Let b(g) = g**3 - g**2 - g - 2. Let k = 8 + 1. Suppose -3*f = -r - 0*r + k, 3*r - 2*f - 6 = 0. Suppose -t = 2*m + 7, r = -4*t - 4*m - m - 13. Calculate b(t).
13
Let u = -214 - -204. Let g(f) = 3*f + 15. What is g(u)?
-15
Let f(s) = 9 - 138*s + s**3 + s**2 + 127*s - 6*s**2 - 2*s**2. Calculate f(8).
-15
Let l(j) = j**2 + 2*j + 4. Let o be ((-70)/(-56))/(-2*(-2)/16). Let r be (o + -4)*(4 + -7). Calculate l(r).
7
Let m(f) = -f**3 + 4*f**2 + 4*f - 4. Let j be m(3). Let i be (-95)/85 + 2/j. Let c(q) = -8*q**3 + q. Calculate c(i).
7
Let n(z) = z**3 - 3*z**2 + 6*z - 2. Let y(l) = -2*l**3 + l + 1. Let k be y(-1). What is n(k)?
6
Let i(z) = -z**2 - 6*z - 3. Let k be 776/88 + (-2)/(-11). Let a(q) = q - 15. Let x be a(k). Determine i(x).
-3
Suppose 5*w + 8 = -p - 3, p + w = 1. Let g(r) = 0*r**3 + 2*r - 7*r + 2 + 3*r**3 - 2*r**3 + p*r**2. Let a = -25 - -20. What is g(a)?
2
Let r be 6 + 1*11/((-44)/(-8)). Let k(p) = -p**3 + 9*p**2 - 8*p - 4. Calculate k(r).
-4
Let w be -7 - (3/(-3))/(1 - 0). Let l(j) be the third derivative of -j**6/120 - 7*j**5/60 - 7*j**4/24 - 5*j**3/6 - 5*j**2. Calculate l(w).
1
Suppose 0 = -4*u - 8, -11*s - u = -9*s + 18. Let l(v) = -v**2 - 10*v - 10. Determine l(s).
6
Let z(m) = m**3 - 7*m**2 + 9*m - 3. Let f(i) = -2*i**3 + 15*i**2 - 20*i + 5. Let u(t) = -3*f(t) - 7*z(t). Let y(n) = n**2 - 4*n - 1. Let b be y(5). Give u(b).
-6
Let o(q) = 3*q**3 - 7*q + 29. Let j(m) = -2*m**3 + 4*m - 15. Suppose -s + 3 = -0. Let l(h) = s*o(h) + 5*j(h). Determine l(0).
12
Let y be (-10 + 38)*(-3)/(-12). Let j(w) = w**2 - 4*w + 8. What is j(y)?
29
Let k = 25 + -26. Let x(g) = 3*g**2. Let w be x(k). Let n(r) = 4*r + 1. Determine n(w).
13
Let w(d) = -d**2 + 2*d - 2. Let q(r) = -4*r + 26. Suppose -6 = -2*g + g. Let s be q(g). Give w(s).
-2
Let o(i) = -i**2 - 4*i + 8. Let r(v) be the first derivative of 2*v**3/3 - 12*v**2 + 16*v - 29. Let w be r(11). What is o(w)?
-4
Let v be 3 - (2 - 3 - -2). Suppose -5*i = 5, 3*i - 1 = 2*t + v. Let o(c) be the first derivative of -3*c**2 - 2*c - 10. Determine o(t).
16
Let r(s) = -s**2 - 7*s - 14. Let g(j) = -j**2 + j - 1. Let v(o) = 2*g(o) - r(o). Calculate v(10).
2
Let c(d) be the third derivative of -d**7/2520 - d**6/720 - d**5/15 + 17*d**4/12 + 35*d**2. Let n(h) be the second derivative of c(h). Give n(0).
-8
Let q(o) be the first derivative of -o**4/24 - o**3/6 - o**2 + 26*o + 47. Let l(z) be the second derivative of q(z). Determine l(-4).
3
Let k(i) = -7*i - 3*i + 12*i + 0*i + i - 1. Let s(m) = 3*m**2 - 1. Let t be s(1). Give k(t).
5
Suppose 0 = 5*g + p - 6*p + 20, 4*g - 5*p + 14 = 0. Let h(a) = a**3 + 6*a**2 + 3*a - 6. Give h(g).
-24
Let j(t) = -t + 5. Let q = -220 - -230. Determine j(q).
-5
Let n(v) = -2*v**2 - 5*v + 4. Let p be -1 + -2 + 2 + 1 + -5. What is n(p)?
-21
Let l(z) = -60*z - 65*z - 12 + 190*z - 64*z. Suppose -7*f = -3*f - 28. What is l(f)?
-5
Let u(h) = h**3 + 5*h**2 - 6*h - 7. Let n be 348/(-10) + (-3)/15. Let y = -26 - n. Let a = 3 - y. What is u(a)?
-7
Let g = -7 + 15. Suppose -2*r = -g + 2. Let i = 3 - r. Let k(w) = -w**2 + w + 7. Determine k(i).
7
Let w(a) = a**2 - 7*a + 7. Let o = -1224 - -1231. Calculate w(o).
7
Let q(n) = n**2 - 2*n + 2. Let p(z) = z**3 - 8*z**2 - 33*z + 2. Let o be p(-3). Calculate q(o).
2
Let v(b) be the first derivative of -b**3/3 - 4*b**2 + 6*b - 337. Give v(-7).
13
Let q(n) = n**2 - n + 1. Let c(u) be the third derivative of u**5/12 - 5*u**4/24 + 5*u**3/3 + 8*u**2. Let g(v) = c(v) - 6*q(v). Calculate g(-3).
-8
Let q(m) = 335*m - 333*m - 1 + 11*m**2 - 8*m**2. Give q(3).
32
Let a be 4*5/(-6)*(-18)/10. Let j be (-3)/((1/(-3))/(a/27)). Let o(k) = -4*k + 3. What is o(j)?
-5
Suppose 0 = -31*l + 26*l + 20. Let y(k) = -4*k - l*k + 3*k. Determine y(1).
-5
Let u(x) = -x**3 + 4*x**2 - 2*x + 4. Let b = -6 - -2. Let g be 6/b - 50/4. Let h = g - -17. What is u(h)?
7
Let g(v) = v**2 + 3*v - 2. Let z(l) = l**2 - 8*l - 4. Let f be z(8). Let p be g(f). Let w(u) = u**p + 2 + 3*u**2 - 3*u + 1. Give w(2).
13
Let q(a) = a**2 + 8*a + 6. Let h(b) = -b**2 + 26*b + 60. Let y be h(28). Let c be (y/(-8))/(((-20)/(-48))/5). Calculate q(c).
-6
Let x(w) = -5*w + 1. Let z be x(-1). Let o(v) = v - z - 5*v + 5*v. What is o(3)?
-3
Let v(k) = -1 + 0 + 1 + 3*k + 1. Calculate v(6).
19
Let l(w) = 22*w**2 + w - 1. Suppose -12 = 3*z + 3*d + 2*d, 3*d = 2*z - 11. What is l(z)?
22
Let o(c) = -7*c**3 - 38*c**2 - 19*c - 5. Let k(b) = -10*b**3 - 56*b**2 - 29*b - 7. Let w(y) = -5*k(y) + 7*o(y). Calculate w(-13).
13
Let a(j) = 7*j - 180. Let l be a(27). Let y(z) = 3*z + 0 - 2*z - 8. Calculate y(l).
1
Let g(x) = -8*x**3 + 3*x**2 - 3*x + 2. Let u be g(1). Let j(o) = 6*o - o**2 - 2*o**2 - o**3 - 8 - 2*o**2. Calculate j(u).
-8
Let o(i) = 8*i + 5. Let v(k) = 2*k + 1. Let z(c) = 2*o(c) - 9*v(c). What is z(1)?
-1
Let d(z) = -z**2 - 1. Let j(p) be the first derivative of -5/2*p**2 - 2 + 4/3*p**3 + 7*p. Let t(o) = 3*d(o) + j(o). Determine t(5).
4
Let c(t) = 5*t**3 - 8*t**2 - 3*t - 1. Let m(k) = -3*k**3 + k**2 - k. Let b(r) = c(r) + 2*m(r). Determine b(-4).
-13
Let k(h) = h**2 - 9*h + 10. Suppose 5*n + 2*z - 36 = 6*z, -5*n = z - 16. Suppose 4*u - f + n*f - 29 = 0, 3 = u + 5*f. Give k(u).
2
Let g(t) = -3*t**2 - 10. Let z(s) = -7*s**2 + s - 24. Let n(q) = 5*g(q) - 2*z(q). Determine n(-4).
-10
Let m(b) = 7*b**2 - 11*b + 8. Let x(y) = 9*y**2 - 15*y + 9. Let l(s) = -4*m(s) + 3*x(s). Determine l(6).
-47
Let z(g) = 2*g**2 + 11*g + 6. Let y(b) = -4*b - 112. Suppose -5*l - 5 = 0, w = 3*l - 5*l - 29. Let p be y(w). Give z(p).
-6
Let i(h) = -2*h + 14. Let q be i(7). Suppose q*t = -5*o - 3*t - 45, 0 = -4*t. Let n(d) = d - 4. Determine n(o).
-13
Let a be 3*((-1)/1 - 0). Let w(q) = 11*q**3 + 4*q**2 + 5*q + 6. Let o(y) = -14*y**3 - 4*y**2 - 7*y - 8. Let c(x) = 3*o(x) + 4*w(x). Calculate c(a).
-15
Let o(a) = a**3 - 2*a**2 + a + 2. Let r be o(2). Let m(i) = -i**3 - 4*i**2 + 0*i**3 + 2*i**3 - 9 + 6. Give m(r).
-3
Let a be (-9)/(-12) + (-6)/8. Suppose 2*x - 7 + 3 = a. Let n(v) = -4*v + 5*v**x - 2*v**2 + 7 - 4*v**2 - v. What is n(-6)?
1
Let s = 62 + -72. Let g(i) = 2*i + 13. Let t be g(s). Let h(j) = j + 2. Calculate h(t).
-5
Let y(r) = -17*r + 10*r + 6 + 11 - 2 + 9*r. Give y(-6).
3
Let j(i) = -5*i**3 + 9*i**2 + 9*i - 21. Let v(r) be the first derivative of -2/3*r**3 + 4*r - r**2 + 5 + 1/4*r**4. Let s(c) = 2*j(c) + 11*v(c). What is s(4)?
-14
Suppose 159 - 164 = -5*j. Suppose 3*b = -5 + 11. Let v(t) = -b - 4*t**2 + 3*t**3 + 4*t**2 + 1. Calculate v(j).
2
Suppose d - 18 = -2*d. Suppose 6*q - 4 = 4*q. Let i(z) = 1 - 2 - 3 + q + 2*z. Calculate i(d).
10
Let h(k) = -6*k**3 + k**2 - 2*k - 10. Let r(o) = o**3 + o**2 - o + 1. Let n(c) = h(c) + 5*r(c). Let i be n(4). Let l(v) = -8*v**3 - 2*v - 1. Give l(i).
9
Suppose 33 = 4*p - p - 3*t, 47 = 5*p - 3*t. Let r(i) = -i**3 + 6*i**2 + 5*i + 9. Determine r(p).
-5
Suppose 13 + 11 = 8*y. Suppose -11 + 2 = y*u. Let m(n) = n + 1. Calculate m(u).
-2
Suppose h - 3*h = -4. Let f(q) = 